{"id":115,"date":"2025-04-26T17:13:47","date_gmt":"2025-04-26T17:13:47","guid":{"rendered":"https:\/\/kcztesvik.com\/?page_id=115"},"modified":"2025-06-30T19:38:48","modified_gmt":"2025-06-30T19:38:48","slug":"iso-belgeleri","status":"publish","type":"page","link":"https:\/\/kcztesvik.com\/index.php\/iso-belgeleri\/","title":{"rendered":"ISO BELGELER\u0130"},"content":{"rendered":"\n<p><strong>ISO 9001 KAL\u0130TE Y\u00d6NET\u0130M S\u0130STEM\u0130<\/strong><\/p>\n\n\n\n<p><strong>ISO 14001 \u00c7EVRE Y\u00d6NET\u0130M S\u0130STEM\u0130<\/strong><\/p>\n\n\n\n<p><strong>ISO 45001 \u0130\u015e SA\u011eLI\u011eI VE G\u00dcVENL\u0130\u011e\u0130<\/strong><\/p>\n\n\n\n<p><strong>ISO 10002 M\u00dc\u015eTER\u0130 MEMNUN\u0130YET\u0130<\/strong><\/p>\n\n\n\n<p>T\u00fcm D\u00fcnya \u00dclkelerinde ge\u00e7erli. <\/p>\n\n\n\n<p>Hem T\u00fcrk\u00e7e hemde ingilizce.<\/p>\n\n\n\n<p>Karekod sistemli- Sorgulanabilir.<\/p>\n\n\n\n<p><\/p>\n\n\n\n<p><\/p>\n","protected":false},"excerpt":{"rendered":"<p>ISO 9001 KAL\u0130TE Y\u00d6NET\u0130M S\u0130STEM\u0130 ISO 14001 \u00c7EVRE Y\u00d6NET\u0130M S\u0130STEM\u0130 ISO 45001 \u0130\u015e SA\u011eLI\u011eI VE G\u00dcVENL\u0130\u011e\u0130 ISO 10002 M\u00dc\u015eTER\u0130 MEMNUN\u0130YET\u0130 T\u00fcm D\u00fcnya \u00dclkelerinde ge\u00e7erli. Hem T\u00fcrk\u00e7e hemde ingilizce. Karekod sistemli- Sorgulanabilir.<\/p>\n","protected":false},"author":1,"featured_media":0,"parent":0,"menu_order":0,"comment_status":"closed","ping_status":"closed","template":"","meta":{"footnotes":""},"class_list":["post-115","page","type-page","status-publish","hentry"],"_links":{"self":[{"href":"https:\/\/kcztesvik.com\/index.php\/wp-json\/wp\/v2\/pages\/115","targetHints":{"allow":["GET"]}}],"collection":[{"href":"https:\/\/kcztesvik.com\/index.php\/wp-json\/wp\/v2\/pages"}],"about":[{"href":"https:\/\/kcztesvik.com\/index.php\/wp-json\/wp\/v2\/types\/page"}],"author":[{"embeddable":true,"href":"https:\/\/kcztesvik.com\/index.php\/wp-json\/wp\/v2\/users\/1"}],"replies":[{"embeddable":true,"href":"https:\/\/kcztesvik.com\/index.php\/wp-json\/wp\/v2\/comments?post=115"}],"version-history":[{"count":3,"href":"https:\/\/kcztesvik.com\/index.php\/wp-json\/wp\/v2\/pages\/115\/revisions"}],"predecessor-version":[{"id":124,"href":"https:\/\/kcztesvik.com\/index.php\/wp-json\/wp\/v2\/pages\/115\/revisions\/124"}],"wp:attachment":[{"href":"https:\/\/kcztesvik.com\/index.php\/wp-json\/wp\/v2\/media?parent=115"}],"curies":[{"name":"wp","href":"https:\/\/api.w.org\/{rel}","templated":true}]}}