{"id":64,"date":"2024-05-19T18:23:05","date_gmt":"2024-05-19T18:23:05","guid":{"rendered":"https:\/\/kcztesvik.com\/?page_id=64"},"modified":"2024-12-25T09:41:05","modified_gmt":"2024-12-25T09:41:05","slug":"tesvikler","status":"publish","type":"page","link":"https:\/\/kcztesvik.com\/index.php\/tesvikler\/","title":{"rendered":"TE\u015eV\u0130KLER"},"content":{"rendered":"\n<p class=\"has-medium-font-size\"><strong>KCZ Te\u015fvik Dan\u0131\u015fmanl\u0131k\u2019\u0131n sundu\u011fu hizmetler:<\/strong><\/p>\n\n\n\n<p>Yat\u0131r\u0131m Te\u015fvik Belgelerinden faydalanma konusunda dan\u0131\u015fmanl\u0131k<br>Ticaret Bakanl\u0131\u011f\u0131 Te\u015fviklerinden faydalanma konusunda dan\u0131\u015fmanl\u0131k<br>Dahilde ve Hari\u00e7te \u0130\u015fleme \u0130zin Belgeleri konusunda dan\u0131\u015fmanl\u0131k<br>Kosgeb Destekleri konusunda dan\u0131\u015fmanl\u0131k<br>Kalk\u0131nma Ajanslar\u0131 destekleri konusunda dan\u0131\u015fmanl\u0131k<br>SGK Prim Te\u015fvikleri konusunda dan\u0131\u015fmanl\u0131k<\/p>\n\n\n\n<p>Karbon ayak izi hesaplama \u00e7al\u0131\u015fmalar\u0131 ISO 14064-1 standard\u0131na uygun bi\u00e7imde yap\u0131lmaktad\u0131r.<\/p>\n\n\n\n<p>T\u00fcbitak Projeleri konusunda dan\u0131\u015fmanl\u0131k<\/p>\n\n\n\n<p><\/p>\n\n\n\n<p>Te\u015fvik mevzuat\u0131 hakk\u0131nda dan\u0131\u015fmanl\u0131k<br>T\u00fcm devlet destekleri ile ilgili Te\u015fvik belgesi takip ve onay s\u00fcreci y\u00f6netimi<br>Te\u015fviklerle ilgili g\u00fcncel geli\u015fmelerin takip edilmesi ve yat\u0131r\u0131mc\u0131ya bildirilmesi<\/p>\n\n\n\n<p><\/p>\n","protected":false},"excerpt":{"rendered":"<p>KCZ Te\u015fvik Dan\u0131\u015fmanl\u0131k\u2019\u0131n sundu\u011fu hizmetler: Yat\u0131r\u0131m Te\u015fvik Belgelerinden faydalanma konusunda dan\u0131\u015fmanl\u0131kTicaret Bakanl\u0131\u011f\u0131 Te\u015fviklerinden faydalanma konusunda dan\u0131\u015fmanl\u0131kDahilde ve Hari\u00e7te \u0130\u015fleme \u0130zin Belgeleri konusunda dan\u0131\u015fmanl\u0131kKosgeb Destekleri konusunda dan\u0131\u015fmanl\u0131kKalk\u0131nma Ajanslar\u0131 destekleri konusunda dan\u0131\u015fmanl\u0131kSGK Prim Te\u015fvikleri konusunda dan\u0131\u015fmanl\u0131k Karbon ayak izi hesaplama \u00e7al\u0131\u015fmalar\u0131 ISO 14064-1 standard\u0131na uygun bi\u00e7imde yap\u0131lmaktad\u0131r. T\u00fcbitak Projeleri konusunda dan\u0131\u015fmanl\u0131k Te\u015fvik mevzuat\u0131 hakk\u0131nda dan\u0131\u015fmanl\u0131kT\u00fcm devlet destekleri&hellip;<\/p>\n<p class=\"more-link\"><a href=\"https:\/\/kcztesvik.com\/index.php\/tesvikler\/\" class=\"themebutton2\">Read More<\/a><\/p>\n","protected":false},"author":1,"featured_media":0,"parent":0,"menu_order":1,"comment_status":"closed","ping_status":"closed","template":"","meta":{"footnotes":""},"class_list":["post-64","page","type-page","status-publish","hentry"],"_links":{"self":[{"href":"https:\/\/kcztesvik.com\/index.php\/wp-json\/wp\/v2\/pages\/64","targetHints":{"allow":["GET"]}}],"collection":[{"href":"https:\/\/kcztesvik.com\/index.php\/wp-json\/wp\/v2\/pages"}],"about":[{"href":"https:\/\/kcztesvik.com\/index.php\/wp-json\/wp\/v2\/types\/page"}],"author":[{"embeddable":true,"href":"https:\/\/kcztesvik.com\/index.php\/wp-json\/wp\/v2\/users\/1"}],"replies":[{"embeddable":true,"href":"https:\/\/kcztesvik.com\/index.php\/wp-json\/wp\/v2\/comments?post=64"}],"version-history":[{"count":5,"href":"https:\/\/kcztesvik.com\/index.php\/wp-json\/wp\/v2\/pages\/64\/revisions"}],"predecessor-version":[{"id":94,"href":"https:\/\/kcztesvik.com\/index.php\/wp-json\/wp\/v2\/pages\/64\/revisions\/94"}],"wp:attachment":[{"href":"https:\/\/kcztesvik.com\/index.php\/wp-json\/wp\/v2\/media?parent=64"}],"curies":[{"name":"wp","href":"https:\/\/api.w.org\/{rel}","templated":true}]}}